{"id":270,"date":"2024-05-02T14:33:28","date_gmt":"2024-05-02T12:33:28","guid":{"rendered":"https:\/\/silver-eye.cz\/?post_type=product&#038;p=270"},"modified":"2024-05-02T20:48:02","modified_gmt":"2024-05-02T18:48:02","slug":"linteo-toaletni-papir","status":"publish","type":"product","link":"https:\/\/silver-eye.cz\/?product=linteo-toaletni-papir","title":{"rendered":"LINTEO toaletn\u00ed pap\u00edr"},"content":{"rendered":"<p><img decoding=\"async\" class=\"alignnone size-medium wp-image-273\" src=\"https:\/\/i0.wp.com\/silver-eye.cz\/wp-content\/uploads\/2024\/05\/LINTEO.jpg?resize=300%2C152\" alt=\"\" width=\"300\" height=\"152\" srcset=\"https:\/\/i0.wp.com\/silver-eye.cz\/wp-content\/uploads\/2024\/05\/LINTEO.jpg?resize=300%2C152&amp;ssl=1 300w, https:\/\/i0.wp.com\/silver-eye.cz\/wp-content\/uploads\/2024\/05\/LINTEO.jpg?resize=416%2C211&amp;ssl=1 416w, https:\/\/i0.wp.com\/silver-eye.cz\/wp-content\/uploads\/2024\/05\/LINTEO.jpg?w=640&amp;ssl=1 640w\" sizes=\"(max-width: 300px) 100vw, 300px\" data-recalc-dims=\"1\" \/><\/p>\n","protected":false},"excerpt":{"rendered":"<p>Toaletn\u00ed pap\u00edr Linteo &#8211; b\u00edl\u00fd, 3vrstv\u00fd, 8 rol\u00ed<\/p>\n<p>Jemn\u00fd b\u00edl\u00fd t\u0159\u00edvrstv\u00fd toaletn\u00ed pap\u00edr balen\u00fd po 8 rol\u00edch .<\/p>\n<p>B\u00edl\u00fd toaletn\u00ed pap\u00edr Linteo je vyroben ze 100 % celul\u00f3zy a d\u00edky t\u0159em vrstv\u00e1m nab\u00edz\u00ed p\u0159ekvapivou pevnost a m\u011bkkost.<\/p>\n<p>N\u00e1vin jedn\u00e9 role je 15 metru.<\/p>\n","protected":false},"featured_media":273,"comment_status":"open","ping_status":"closed","template":"","meta":[],"product_cat":[31],"product_tag":[],"jetpack_sharing_enabled":true,"_links":{"self":[{"href":"https:\/\/silver-eye.cz\/index.php?rest_route=\/wp\/v2\/product\/270"}],"collection":[{"href":"https:\/\/silver-eye.cz\/index.php?rest_route=\/wp\/v2\/product"}],"about":[{"href":"https:\/\/silver-eye.cz\/index.php?rest_route=\/wp\/v2\/types\/product"}],"replies":[{"embeddable":true,"href":"https:\/\/silver-eye.cz\/index.php?rest_route=%2Fwp%2Fv2%2Fcomments&post=270"}],"wp:featuredmedia":[{"embeddable":true,"href":"https:\/\/silver-eye.cz\/index.php?rest_route=\/wp\/v2\/media\/273"}],"wp:attachment":[{"href":"https:\/\/silver-eye.cz\/index.php?rest_route=%2Fwp%2Fv2%2Fmedia&parent=270"}],"wp:term":[{"taxonomy":"product_cat","embeddable":true,"href":"https:\/\/silver-eye.cz\/index.php?rest_route=%2Fwp%2Fv2%2Fproduct_cat&post=270"},{"taxonomy":"product_tag","embeddable":true,"href":"https:\/\/silver-eye.cz\/index.php?rest_route=%2Fwp%2Fv2%2Fproduct_tag&post=270"}],"curies":[{"name":"wp","href":"https:\/\/api.w.org\/{rel}","templated":true}]}}